{"id":1581,"date":"2025-09-04T17:42:16","date_gmt":"2025-09-04T17:42:16","guid":{"rendered":"https:\/\/xn--shjlnderne-g6a6sb.dk\/?page_id=1581"},"modified":"2025-09-28T13:35:07","modified_gmt":"2025-09-28T13:35:07","slug":"hvor-spiller-de","status":"publish","type":"page","link":"https:\/\/xn--shjlnderne-g6a6sb.dk\/index.php\/hvor-spiller-de\/","title":{"rendered":"Hvor spiller de"},"content":{"rendered":"\t\t<div data-elementor-type=\"wp-page\" data-elementor-id=\"1581\" class=\"elementor elementor-1581\">\n\t\t\t\t<div class=\"elementor-element elementor-element-61f23ac e-flex e-con-boxed wpr-particle-no wpr-jarallax-no wpr-parallax-no wpr-sticky-section-no e-con e-parent\" data-id=\"61f23ac\" data-element_type=\"container\" data-settings=\"{&quot;background_background&quot;:&quot;classic&quot;}\">\n\t\t\t\t\t<div class=\"e-con-inner\">\n\t\t\t\t<div class=\"elementor-element elementor-element-55d7ea3 elementor-widget elementor-widget-spacer\" data-id=\"55d7ea3\" data-element_type=\"widget\" data-widget_type=\"spacer.default\">\n\t\t\t\t<div class=\"elementor-widget-container\">\n\t\t\t\t\t\t\t<div class=\"elementor-spacer\">\n\t\t\t<div class=\"elementor-spacer-inner\"><\/div>\n\t\t<\/div>\n\t\t\t\t\t\t<\/div>\n\t\t\t\t<\/div>\n\t\t\t\t<div class=\"elementor-element elementor-element-3a6aae1 elementor-widget elementor-widget-heading\" data-id=\"3a6aae1\" data-element_type=\"widget\" data-widget_type=\"heading.default\">\n\t\t\t\t<div class=\"elementor-widget-container\">\n\t\t\t\t\t<h2 class=\"elementor-heading-title elementor-size-default\">Hvor spiller de<\/h2>\t\t\t\t<\/div>\n\t\t\t\t<\/div>\n\t\t\t\t<div class=\"elementor-element elementor-element-1f8ccae elementor-widget elementor-widget-spacer\" data-id=\"1f8ccae\" data-element_type=\"widget\" data-widget_type=\"spacer.default\">\n\t\t\t\t<div class=\"elementor-widget-container\">\n\t\t\t\t\t\t\t<div class=\"elementor-spacer\">\n\t\t\t<div class=\"elementor-spacer-inner\"><\/div>\n\t\t<\/div>\n\t\t\t\t\t\t<\/div>\n\t\t\t\t<\/div>\n\t\t\t\t\t<\/div>\n\t\t\t\t<\/div>\n\t\t<div class=\"elementor-element elementor-element-7468cab e-flex e-con-boxed wpr-particle-no wpr-jarallax-no wpr-parallax-no wpr-sticky-section-no e-con e-parent\" data-id=\"7468cab\" data-element_type=\"container\">\n\t\t\t\t\t<div class=\"e-con-inner\">\n\t\t<div class=\"elementor-element elementor-element-b284d06 e-con-full e-flex wpr-particle-no wpr-jarallax-no wpr-parallax-no wpr-sticky-section-no e-con e-child\" data-id=\"b284d06\" data-element_type=\"container\">\n\t\t\t\t<div class=\"elementor-element elementor-element-c3bb5af elementor-widget elementor-widget-heading\" data-id=\"c3bb5af\" data-element_type=\"widget\" data-widget_type=\"heading.default\">\n\t\t\t\t<div class=\"elementor-widget-container\">\n\t\t\t\t\t<h2 class=\"elementor-heading-title elementor-size-default\">Tidligere koncerter<\/h2>\t\t\t\t<\/div>\n\t\t\t\t<\/div>\n\t\t\t\t<div class=\"elementor-element elementor-element-4c89526 elementor-position-top elementor-widget elementor-widget-image-box\" data-id=\"4c89526\" data-element_type=\"widget\" data-widget_type=\"image-box.default\">\n\t\t\t\t<div class=\"elementor-widget-container\">\n\t\t\t\t\t<div class=\"elementor-image-box-wrapper\"><figure class=\"elementor-image-box-img\"><img fetchpriority=\"high\" decoding=\"async\" width=\"1734\" height=\"1301\" src=\"https:\/\/xn--shjlnderne-g6a6sb.dk\/wp-content\/uploads\/2025\/08\/Bryrup-250524-foto-Torben-De-soede-Hoejlaendere-1.jpg\" class=\"attachment-full size-full wp-image-995\" alt=\"\" srcset=\"https:\/\/xn--shjlnderne-g6a6sb.dk\/wp-content\/uploads\/2025\/08\/Bryrup-250524-foto-Torben-De-soede-Hoejlaendere-1.jpg 1734w, https:\/\/xn--shjlnderne-g6a6sb.dk\/wp-content\/uploads\/2025\/08\/Bryrup-250524-foto-Torben-De-soede-Hoejlaendere-1-300x225.jpg 300w, https:\/\/xn--shjlnderne-g6a6sb.dk\/wp-content\/uploads\/2025\/08\/Bryrup-250524-foto-Torben-De-soede-Hoejlaendere-1-1024x768.jpg 1024w, https:\/\/xn--shjlnderne-g6a6sb.dk\/wp-content\/uploads\/2025\/08\/Bryrup-250524-foto-Torben-De-soede-Hoejlaendere-1-768x576.jpg 768w, https:\/\/xn--shjlnderne-g6a6sb.dk\/wp-content\/uploads\/2025\/08\/Bryrup-250524-foto-Torben-De-soede-Hoejlaendere-1-1536x1152.jpg 1536w\" sizes=\"(max-width: 1734px) 100vw, 1734px\" \/><\/figure><div class=\"elementor-image-box-content\"><h3 class=\"elementor-image-box-title\">Koncert i Silkeborg \u2013 november 2024<\/h3><p class=\"elementor-image-box-description\">S\u00f8h\u00f8jl\u00e6nderne indtog scenen i Silkeborg november 2024 med en musikalsk fort\u00e6lling krydret med anekdoter, historie og f\u00e6llessang. Repertoiret omfattede b\u00e5de danske og internationale sange \u2013 en hyggelig blanding af pop, jazz, rock og blues m\u00e5lrettet det voksne publikum.\nArrangementet b\u00f8d i \u00f8vrigt p\u00e5 kaffe og kage og var en hyggelig oplevelse for deltagerne.<\/p><\/div><\/div>\t\t\t\t<\/div>\n\t\t\t\t<\/div>\n\t\t\t\t<div class=\"elementor-element elementor-element-9888a86 elementor-position-top elementor-widget elementor-widget-image-box\" data-id=\"9888a86\" data-element_type=\"widget\" data-widget_type=\"image-box.default\">\n\t\t\t\t<div class=\"elementor-widget-container\">\n\t\t\t\t\t<div class=\"elementor-image-box-wrapper\"><figure class=\"elementor-image-box-img\"><img decoding=\"async\" width=\"2560\" height=\"1709\" src=\"https:\/\/xn--shjlnderne-g6a6sb.dk\/wp-content\/uploads\/2025\/08\/AU9I4934.webp\" class=\"attachment-full size-full wp-image-1455\" alt=\"\" srcset=\"https:\/\/xn--shjlnderne-g6a6sb.dk\/wp-content\/uploads\/2025\/08\/AU9I4934.webp 2560w, https:\/\/xn--shjlnderne-g6a6sb.dk\/wp-content\/uploads\/2025\/08\/AU9I4934-300x200.webp 300w, https:\/\/xn--shjlnderne-g6a6sb.dk\/wp-content\/uploads\/2025\/08\/AU9I4934-1024x684.webp 1024w, https:\/\/xn--shjlnderne-g6a6sb.dk\/wp-content\/uploads\/2025\/08\/AU9I4934-768x513.webp 768w, https:\/\/xn--shjlnderne-g6a6sb.dk\/wp-content\/uploads\/2025\/08\/AU9I4934-1536x1025.webp 1536w, https:\/\/xn--shjlnderne-g6a6sb.dk\/wp-content\/uploads\/2025\/08\/AU9I4934-2048x1367.webp 2048w\" sizes=\"(max-width: 2560px) 100vw, 2560px\" \/><\/figure><div class=\"elementor-image-box-content\"><h3 class=\"elementor-image-box-title\">Jens B\u00e6ks G\u00e5rd \u2013 Bryrup \u2013 2024<\/h3><p class=\"elementor-image-box-description\">S\u00f8h\u00f8jl\u00e6nderne spillede et af deres f\u00f8rste shows p\u00e5 Jens B\u00e6ks G\u00e5rd i Bryrup \u2013 et sted, der betyder noget s\u00e6rligt for os. Flere af bandmedlemmerne har selv haft tilknytning til byen, og derfor var det en stor oplevelse at st\u00e5 foran et fuldt hus fyldt med gamle venner og bekendte.\nRepertoiret sp\u00e6ndte fra Kim Larsen til Elvis Presley, og aftenen b\u00f8d b\u00e5de p\u00e5 musik, fort\u00e6llinger og f\u00e6llessang.<\/p><\/div><\/div>\t\t\t\t<\/div>\n\t\t\t\t<\/div>\n\t\t\t\t<\/div>\n\t\t\t\t<div class=\"elementor-element elementor-element-16fac99 elementor-widget elementor-widget-wpr-post-media\" data-id=\"16fac99\" data-element_type=\"widget\" data-widget_type=\"wpr-post-media.default\">\n\t\t\t\t<div class=\"elementor-widget-container\">\n\t\t\t\t\t<div class=\"wpr-featured-media-wrap\" data-caption=\"standard\"><\/div>\t\t\t\t<\/div>\n\t\t\t\t<\/div>\n\t\t<div class=\"elementor-element elementor-element-9248f89 e-con-full e-flex wpr-particle-no wpr-jarallax-no wpr-parallax-no wpr-sticky-section-no e-con e-child\" data-id=\"9248f89\" data-element_type=\"container\">\n\t\t\t\t<div class=\"elementor-element elementor-element-32537af elementor-widget elementor-widget-heading\" data-id=\"32537af\" data-element_type=\"widget\" data-widget_type=\"heading.default\">\n\t\t\t\t<div class=\"elementor-widget-container\">\n\t\t\t\t\t<h2 class=\"elementor-heading-title elementor-size-default\">Kommende koncerter<\/h2>\t\t\t\t<\/div>\n\t\t\t\t<\/div>\n\t\t\t\t<div class=\"elementor-element elementor-element-459bf95 elementor-position-top elementor-widget elementor-widget-image-box\" data-id=\"459bf95\" data-element_type=\"widget\" data-widget_type=\"image-box.default\">\n\t\t\t\t<div class=\"elementor-widget-container\">\n\t\t\t\t\t<div class=\"elementor-image-box-wrapper\"><figure class=\"elementor-image-box-img\"><img decoding=\"async\" width=\"2560\" height=\"1709\" src=\"https:\/\/xn--shjlnderne-g6a6sb.dk\/wp-content\/uploads\/2025\/08\/AU9I4925.webp\" class=\"attachment-full size-full wp-image-1453\" alt=\"\" srcset=\"https:\/\/xn--shjlnderne-g6a6sb.dk\/wp-content\/uploads\/2025\/08\/AU9I4925.webp 2560w, https:\/\/xn--shjlnderne-g6a6sb.dk\/wp-content\/uploads\/2025\/08\/AU9I4925-300x200.webp 300w, https:\/\/xn--shjlnderne-g6a6sb.dk\/wp-content\/uploads\/2025\/08\/AU9I4925-1024x684.webp 1024w, https:\/\/xn--shjlnderne-g6a6sb.dk\/wp-content\/uploads\/2025\/08\/AU9I4925-768x513.webp 768w, https:\/\/xn--shjlnderne-g6a6sb.dk\/wp-content\/uploads\/2025\/08\/AU9I4925-1536x1025.webp 1536w, https:\/\/xn--shjlnderne-g6a6sb.dk\/wp-content\/uploads\/2025\/08\/AU9I4925-2048x1367.webp 2048w\" sizes=\"(max-width: 2560px) 100vw, 2560px\" \/><\/figure><div class=\"elementor-image-box-content\"><h3 class=\"elementor-image-box-title\">For\u00e5rskoncerter<\/h3><p class=\"elementor-image-box-description\">Allerede nu er vi booket til at spille flere steder i Midtjylland...<\/p><\/div><\/div>\t\t\t\t<\/div>\n\t\t\t\t<\/div>\n\t\t\t\t<div class=\"elementor-element elementor-element-5dc5df8 elementor-position-top elementor-widget elementor-widget-image-box\" data-id=\"5dc5df8\" data-element_type=\"widget\" data-widget_type=\"image-box.default\">\n\t\t\t\t<div class=\"elementor-widget-container\">\n\t\t\t\t\t<div class=\"elementor-image-box-wrapper\"><figure class=\"elementor-image-box-img\"><img loading=\"lazy\" decoding=\"async\" width=\"1734\" height=\"1301\" src=\"https:\/\/xn--shjlnderne-g6a6sb.dk\/wp-content\/uploads\/2025\/08\/De-soede-Hoejlaendere-Torben-2.jpg\" class=\"attachment-full size-full wp-image-998\" alt=\"\" srcset=\"https:\/\/xn--shjlnderne-g6a6sb.dk\/wp-content\/uploads\/2025\/08\/De-soede-Hoejlaendere-Torben-2.jpg 1734w, https:\/\/xn--shjlnderne-g6a6sb.dk\/wp-content\/uploads\/2025\/08\/De-soede-Hoejlaendere-Torben-2-300x225.jpg 300w, https:\/\/xn--shjlnderne-g6a6sb.dk\/wp-content\/uploads\/2025\/08\/De-soede-Hoejlaendere-Torben-2-1024x768.jpg 1024w, https:\/\/xn--shjlnderne-g6a6sb.dk\/wp-content\/uploads\/2025\/08\/De-soede-Hoejlaendere-Torben-2-768x576.jpg 768w, https:\/\/xn--shjlnderne-g6a6sb.dk\/wp-content\/uploads\/2025\/08\/De-soede-Hoejlaendere-Torben-2-1536x1152.jpg 1536w\" sizes=\"(max-width: 1734px) 100vw, 1734px\" \/><\/figure><div class=\"elementor-image-box-content\"><h3 class=\"elementor-image-box-title\">S\u00f8h\u00f8jl\u00e6nderne p\u00e5 scenen<\/h3><p class=\"elementor-image-box-description\">Et lille stemningsbillede af S\u00f8h\u00f8jl\u00e6nderne i fuld gang...<\/p><\/div><\/div>\t\t\t\t<\/div>\n\t\t\t\t<\/div>\n\t\t\t\t<\/div>\n\t\t\t\t\t<\/div>\n\t\t\t\t<\/div>\n\t\t\t\t<\/div>\n\t\t","protected":false},"excerpt":{"rendered":"<p>Hvor spiller de Tidligere koncerter Koncert i Silkeborg \u2013 november 2024 S\u00f8h\u00f8jl\u00e6nderne indtog scenen i Silkeborg november 2024 med en musikalsk fort\u00e6lling krydret med anekdoter, historie og f\u00e6llessang. Repertoiret omfattede b\u00e5de danske og internationale sange \u2013 en hyggelig blanding af pop, jazz, rock og blues m\u00e5lrettet det voksne publikum. Arrangementet b\u00f8d i \u00f8vrigt p\u00e5 kaffe og kage og var en hyggelig oplevelse for deltagerne. Jens B\u00e6ks G\u00e5rd \u2013 Bryrup \u2013 2024 S\u00f8h\u00f8jl\u00e6nderne spillede et af deres f\u00f8rste shows p\u00e5 Jens B\u00e6ks G\u00e5rd i Bryrup \u2013 et sted, der betyder noget s\u00e6rligt for os. Flere af bandmedlemmerne har selv haft tilknytning til byen, og derfor var det en stor oplevelse at st\u00e5 foran et fuldt hus fyldt med gamle venner og bekendte. Repertoiret sp\u00e6ndte fra Kim Larsen til Elvis Presley, og aftenen b\u00f8d b\u00e5de p\u00e5 musik, fort\u00e6llinger og f\u00e6llessang. Kommende koncerter For\u00e5rskoncerter Allerede nu er vi booket til at spille flere steder i Midtjylland&#8230; S\u00f8h\u00f8jl\u00e6nderne p\u00e5 scenen Et lille stemningsbillede af S\u00f8h\u00f8jl\u00e6nderne i fuld gang&#8230;<\/p>\n","protected":false},"author":2,"featured_media":0,"parent":0,"menu_order":0,"comment_status":"closed","ping_status":"closed","template":"","meta":{"site-sidebar-layout":"no-sidebar","site-content-layout":"","ast-site-content-layout":"full-width-container","site-content-style":"default","site-sidebar-style":"default","ast-global-header-display":"","ast-banner-title-visibility":"","ast-main-header-display":"","ast-hfb-above-header-display":"","ast-hfb-below-header-display":"","ast-hfb-mobile-header-display":"","site-post-title":"disabled","ast-breadcrumbs-content":"","ast-featured-img":"disabled","footer-sml-layout":"","theme-transparent-header-meta":"","adv-header-id-meta":"","stick-header-meta":"","header-above-stick-meta":"","header-main-stick-meta":"","header-below-stick-meta":"","astra-migrate-meta-layouts":"default","ast-page-background-enabled":"default","ast-page-background-meta":{"desktop":{"background-color":"var(--ast-global-color-5)","background-image":"","background-repeat":"repeat","background-position":"center center","background-size":"auto","background-attachment":"scroll","background-type":"","background-media":"","overlay-type":"","overlay-color":"","overlay-opacity":"","overlay-gradient":""},"tablet":{"background-color":"","background-image":"","background-repeat":"repeat","background-position":"center center","background-size":"auto","background-attachment":"scroll","background-type":"","background-media":"","overlay-type":"","overlay-color":"","overlay-opacity":"","overlay-gradient":""},"mobile":{"background-color":"","background-image":"","background-repeat":"repeat","background-position":"center center","background-size":"auto","background-attachment":"scroll","background-type":"","background-media":"","overlay-type":"","overlay-color":"","overlay-opacity":"","overlay-gradient":""}},"ast-content-background-meta":{"desktop":{"background-color":"var(--ast-global-color-4)","background-image":"","background-repeat":"repeat","background-position":"center center","background-size":"auto","background-attachment":"scroll","background-type":"","background-media":"","overlay-type":"","overlay-color":"","overlay-opacity":"","overlay-gradient":""},"tablet":{"background-color":"var(--ast-global-color-4)","background-image":"","background-repeat":"repeat","background-position":"center center","background-size":"auto","background-attachment":"scroll","background-type":"","background-media":"","overlay-type":"","overlay-color":"","overlay-opacity":"","overlay-gradient":""},"mobile":{"background-color":"var(--ast-global-color-4)","background-image":"","background-repeat":"repeat","background-position":"center center","background-size":"auto","background-attachment":"scroll","background-type":"","background-media":"","overlay-type":"","overlay-color":"","overlay-opacity":"","overlay-gradient":""}},"footnotes":""},"class_list":["post-1581","page","type-page","status-publish","hentry"],"yoast_head":"<!-- This site is optimized with the Yoast SEO plugin v25.9 - https:\/\/yoast.com\/wordpress\/plugins\/seo\/ -->\n<title>Hvor spiller de - S\u00f8h\u00f8jl\u00e6nderne<\/title>\n<meta name=\"robots\" content=\"index, follow, max-snippet:-1, max-image-preview:large, max-video-preview:-1\" \/>\n<link rel=\"canonical\" href=\"https:\/\/xn--shjlnderne-g6a6sb.dk\/index.php\/hvor-spiller-de\/\" \/>\n<meta property=\"og:locale\" content=\"da_DK\" \/>\n<meta property=\"og:type\" content=\"article\" \/>\n<meta property=\"og:title\" content=\"Hvor spiller de - S\u00f8h\u00f8jl\u00e6nderne\" \/>\n<meta property=\"og:description\" content=\"Hvor spiller de Tidligere koncerter Koncert i Silkeborg \u2013 november 2024 S\u00f8h\u00f8jl\u00e6nderne indtog scenen i Silkeborg november 2024 med en musikalsk fort\u00e6lling krydret med anekdoter, historie og f\u00e6llessang. Repertoiret omfattede b\u00e5de danske og internationale sange \u2013 en hyggelig blanding af pop, jazz, rock og blues m\u00e5lrettet det voksne publikum. Arrangementet b\u00f8d i \u00f8vrigt p\u00e5 kaffe og kage og var en hyggelig oplevelse for deltagerne. Jens B\u00e6ks G\u00e5rd \u2013 Bryrup \u2013 2024 S\u00f8h\u00f8jl\u00e6nderne spillede et af deres f\u00f8rste shows p\u00e5 Jens B\u00e6ks G\u00e5rd i Bryrup \u2013 et sted, der betyder noget s\u00e6rligt for os. Flere af bandmedlemmerne har selv haft tilknytning til byen, og derfor var det en stor oplevelse at st\u00e5 foran et fuldt hus fyldt med gamle venner og bekendte. Repertoiret sp\u00e6ndte fra Kim Larsen til Elvis Presley, og aftenen b\u00f8d b\u00e5de p\u00e5 musik, fort\u00e6llinger og f\u00e6llessang. Kommende koncerter For\u00e5rskoncerter Allerede nu er vi booket til at spille flere steder i Midtjylland&#8230; S\u00f8h\u00f8jl\u00e6nderne p\u00e5 scenen Et lille stemningsbillede af S\u00f8h\u00f8jl\u00e6nderne i fuld gang&#8230;\" \/>\n<meta property=\"og:url\" content=\"https:\/\/xn--shjlnderne-g6a6sb.dk\/index.php\/hvor-spiller-de\/\" \/>\n<meta property=\"og:site_name\" content=\"S\u00f8h\u00f8jl\u00e6nderne\" \/>\n<meta property=\"article:modified_time\" content=\"2025-09-28T13:35:07+00:00\" \/>\n<meta property=\"og:image\" content=\"https:\/\/xn--shjlnderne-g6a6sb.dk\/wp-content\/uploads\/2025\/08\/Bryrup-250524-foto-Torben-De-soede-Hoejlaendere-1.jpg\" \/>\n\t<meta property=\"og:image:width\" content=\"1734\" \/>\n\t<meta property=\"og:image:height\" content=\"1301\" \/>\n\t<meta property=\"og:image:type\" content=\"image\/jpeg\" \/>\n<meta name=\"twitter:card\" content=\"summary_large_image\" \/>\n<meta name=\"twitter:label1\" content=\"Estimeret l\u00e6setid\" \/>\n\t<meta name=\"twitter:data1\" content=\"2 minutter\" \/>\n<script type=\"application\/ld+json\" class=\"yoast-schema-graph\">{\"@context\":\"https:\/\/schema.org\",\"@graph\":[{\"@type\":\"WebPage\",\"@id\":\"https:\/\/xn--shjlnderne-g6a6sb.dk\/index.php\/hvor-spiller-de\/\",\"url\":\"https:\/\/xn--shjlnderne-g6a6sb.dk\/index.php\/hvor-spiller-de\/\",\"name\":\"Hvor spiller de - S\u00f8h\u00f8jl\u00e6nderne\",\"isPartOf\":{\"@id\":\"https:\/\/xn--shjlnderne-g6a6sb.dk\/#website\"},\"primaryImageOfPage\":{\"@id\":\"https:\/\/xn--shjlnderne-g6a6sb.dk\/index.php\/hvor-spiller-de\/#primaryimage\"},\"image\":{\"@id\":\"https:\/\/xn--shjlnderne-g6a6sb.dk\/index.php\/hvor-spiller-de\/#primaryimage\"},\"thumbnailUrl\":\"https:\/\/xn--shjlnderne-g6a6sb.dk\/wp-content\/uploads\/2025\/08\/Bryrup-250524-foto-Torben-De-soede-Hoejlaendere-1.jpg\",\"datePublished\":\"2025-09-04T17:42:16+00:00\",\"dateModified\":\"2025-09-28T13:35:07+00:00\",\"breadcrumb\":{\"@id\":\"https:\/\/xn--shjlnderne-g6a6sb.dk\/index.php\/hvor-spiller-de\/#breadcrumb\"},\"inLanguage\":\"da-DK\",\"potentialAction\":[{\"@type\":\"ReadAction\",\"target\":[\"https:\/\/xn--shjlnderne-g6a6sb.dk\/index.php\/hvor-spiller-de\/\"]}]},{\"@type\":\"ImageObject\",\"inLanguage\":\"da-DK\",\"@id\":\"https:\/\/xn--shjlnderne-g6a6sb.dk\/index.php\/hvor-spiller-de\/#primaryimage\",\"url\":\"https:\/\/xn--shjlnderne-g6a6sb.dk\/wp-content\/uploads\/2025\/08\/Bryrup-250524-foto-Torben-De-soede-Hoejlaendere-1.jpg\",\"contentUrl\":\"https:\/\/xn--shjlnderne-g6a6sb.dk\/wp-content\/uploads\/2025\/08\/Bryrup-250524-foto-Torben-De-soede-Hoejlaendere-1.jpg\",\"width\":1734,\"height\":1301},{\"@type\":\"BreadcrumbList\",\"@id\":\"https:\/\/xn--shjlnderne-g6a6sb.dk\/index.php\/hvor-spiller-de\/#breadcrumb\",\"itemListElement\":[{\"@type\":\"ListItem\",\"position\":1,\"name\":\"Hjem\",\"item\":\"https:\/\/xn--shjlnderne-g6a6sb.dk\/\"},{\"@type\":\"ListItem\",\"position\":2,\"name\":\"Hvor spiller de\"}]},{\"@type\":\"WebSite\",\"@id\":\"https:\/\/xn--shjlnderne-g6a6sb.dk\/#website\",\"url\":\"https:\/\/xn--shjlnderne-g6a6sb.dk\/\",\"name\":\"Eibye-hazentoemrerfirma\",\"description\":\"S\u00f8h\u00f8jl\u00e6nderne \u2013 et band, der kombinerer musik p\u00e5 tv\u00e6rs af genrer med hyggelige historier og f\u00e6llessang, m\u00e5lrettet is\u00e6r seniorer, foreninger og arrangementer, med fokus p\u00e5 at skabe en varm og underholdende koncertoplevelse.\",\"publisher\":{\"@id\":\"https:\/\/xn--shjlnderne-g6a6sb.dk\/#organization\"},\"potentialAction\":[{\"@type\":\"SearchAction\",\"target\":{\"@type\":\"EntryPoint\",\"urlTemplate\":\"https:\/\/xn--shjlnderne-g6a6sb.dk\/?s={search_term_string}\"},\"query-input\":{\"@type\":\"PropertyValueSpecification\",\"valueRequired\":true,\"valueName\":\"search_term_string\"}}],\"inLanguage\":\"da-DK\"},{\"@type\":\"Organization\",\"@id\":\"https:\/\/xn--shjlnderne-g6a6sb.dk\/#organization\",\"name\":\"Eibye-hazentoemrerfirma\",\"url\":\"https:\/\/xn--shjlnderne-g6a6sb.dk\/\",\"logo\":{\"@type\":\"ImageObject\",\"inLanguage\":\"da-DK\",\"@id\":\"https:\/\/xn--shjlnderne-g6a6sb.dk\/#\/schema\/logo\/image\/\",\"url\":\"https:\/\/xn--shjlnderne-g6a6sb.dk\/wp-content\/uploads\/2025\/08\/cropped-cropped-Soehoejlaenderne-1.png\",\"contentUrl\":\"https:\/\/xn--shjlnderne-g6a6sb.dk\/wp-content\/uploads\/2025\/08\/cropped-cropped-Soehoejlaenderne-1.png\",\"width\":454,\"height\":398,\"caption\":\"Eibye-hazentoemrerfirma\"},\"image\":{\"@id\":\"https:\/\/xn--shjlnderne-g6a6sb.dk\/#\/schema\/logo\/image\/\"}}]}<\/script>\n<!-- \/ Yoast SEO plugin. -->","yoast_head_json":{"title":"Hvor spiller de - S\u00f8h\u00f8jl\u00e6nderne","robots":{"index":"index","follow":"follow","max-snippet":"max-snippet:-1","max-image-preview":"max-image-preview:large","max-video-preview":"max-video-preview:-1"},"canonical":"https:\/\/xn--shjlnderne-g6a6sb.dk\/index.php\/hvor-spiller-de\/","og_locale":"da_DK","og_type":"article","og_title":"Hvor spiller de - S\u00f8h\u00f8jl\u00e6nderne","og_description":"Hvor spiller de Tidligere koncerter Koncert i Silkeborg \u2013 november 2024 S\u00f8h\u00f8jl\u00e6nderne indtog scenen i Silkeborg november 2024 med en musikalsk fort\u00e6lling krydret med anekdoter, historie og f\u00e6llessang. Repertoiret omfattede b\u00e5de danske og internationale sange \u2013 en hyggelig blanding af pop, jazz, rock og blues m\u00e5lrettet det voksne publikum. Arrangementet b\u00f8d i \u00f8vrigt p\u00e5 kaffe og kage og var en hyggelig oplevelse for deltagerne. Jens B\u00e6ks G\u00e5rd \u2013 Bryrup \u2013 2024 S\u00f8h\u00f8jl\u00e6nderne spillede et af deres f\u00f8rste shows p\u00e5 Jens B\u00e6ks G\u00e5rd i Bryrup \u2013 et sted, der betyder noget s\u00e6rligt for os. Flere af bandmedlemmerne har selv haft tilknytning til byen, og derfor var det en stor oplevelse at st\u00e5 foran et fuldt hus fyldt med gamle venner og bekendte. Repertoiret sp\u00e6ndte fra Kim Larsen til Elvis Presley, og aftenen b\u00f8d b\u00e5de p\u00e5 musik, fort\u00e6llinger og f\u00e6llessang. Kommende koncerter For\u00e5rskoncerter Allerede nu er vi booket til at spille flere steder i Midtjylland&#8230; S\u00f8h\u00f8jl\u00e6nderne p\u00e5 scenen Et lille stemningsbillede af S\u00f8h\u00f8jl\u00e6nderne i fuld gang&#8230;","og_url":"https:\/\/xn--shjlnderne-g6a6sb.dk\/index.php\/hvor-spiller-de\/","og_site_name":"S\u00f8h\u00f8jl\u00e6nderne","article_modified_time":"2025-09-28T13:35:07+00:00","og_image":[{"width":1734,"height":1301,"url":"https:\/\/xn--shjlnderne-g6a6sb.dk\/wp-content\/uploads\/2025\/08\/Bryrup-250524-foto-Torben-De-soede-Hoejlaendere-1.jpg","type":"image\/jpeg"}],"twitter_card":"summary_large_image","twitter_misc":{"Estimeret l\u00e6setid":"2 minutter"},"schema":{"@context":"https:\/\/schema.org","@graph":[{"@type":"WebPage","@id":"https:\/\/xn--shjlnderne-g6a6sb.dk\/index.php\/hvor-spiller-de\/","url":"https:\/\/xn--shjlnderne-g6a6sb.dk\/index.php\/hvor-spiller-de\/","name":"Hvor spiller de - S\u00f8h\u00f8jl\u00e6nderne","isPartOf":{"@id":"https:\/\/xn--shjlnderne-g6a6sb.dk\/#website"},"primaryImageOfPage":{"@id":"https:\/\/xn--shjlnderne-g6a6sb.dk\/index.php\/hvor-spiller-de\/#primaryimage"},"image":{"@id":"https:\/\/xn--shjlnderne-g6a6sb.dk\/index.php\/hvor-spiller-de\/#primaryimage"},"thumbnailUrl":"https:\/\/xn--shjlnderne-g6a6sb.dk\/wp-content\/uploads\/2025\/08\/Bryrup-250524-foto-Torben-De-soede-Hoejlaendere-1.jpg","datePublished":"2025-09-04T17:42:16+00:00","dateModified":"2025-09-28T13:35:07+00:00","breadcrumb":{"@id":"https:\/\/xn--shjlnderne-g6a6sb.dk\/index.php\/hvor-spiller-de\/#breadcrumb"},"inLanguage":"da-DK","potentialAction":[{"@type":"ReadAction","target":["https:\/\/xn--shjlnderne-g6a6sb.dk\/index.php\/hvor-spiller-de\/"]}]},{"@type":"ImageObject","inLanguage":"da-DK","@id":"https:\/\/xn--shjlnderne-g6a6sb.dk\/index.php\/hvor-spiller-de\/#primaryimage","url":"https:\/\/xn--shjlnderne-g6a6sb.dk\/wp-content\/uploads\/2025\/08\/Bryrup-250524-foto-Torben-De-soede-Hoejlaendere-1.jpg","contentUrl":"https:\/\/xn--shjlnderne-g6a6sb.dk\/wp-content\/uploads\/2025\/08\/Bryrup-250524-foto-Torben-De-soede-Hoejlaendere-1.jpg","width":1734,"height":1301},{"@type":"BreadcrumbList","@id":"https:\/\/xn--shjlnderne-g6a6sb.dk\/index.php\/hvor-spiller-de\/#breadcrumb","itemListElement":[{"@type":"ListItem","position":1,"name":"Hjem","item":"https:\/\/xn--shjlnderne-g6a6sb.dk\/"},{"@type":"ListItem","position":2,"name":"Hvor spiller de"}]},{"@type":"WebSite","@id":"https:\/\/xn--shjlnderne-g6a6sb.dk\/#website","url":"https:\/\/xn--shjlnderne-g6a6sb.dk\/","name":"Eibye-hazentoemrerfirma","description":"S\u00f8h\u00f8jl\u00e6nderne \u2013 et band, der kombinerer musik p\u00e5 tv\u00e6rs af genrer med hyggelige historier og f\u00e6llessang, m\u00e5lrettet is\u00e6r seniorer, foreninger og arrangementer, med fokus p\u00e5 at skabe en varm og underholdende koncertoplevelse.","publisher":{"@id":"https:\/\/xn--shjlnderne-g6a6sb.dk\/#organization"},"potentialAction":[{"@type":"SearchAction","target":{"@type":"EntryPoint","urlTemplate":"https:\/\/xn--shjlnderne-g6a6sb.dk\/?s={search_term_string}"},"query-input":{"@type":"PropertyValueSpecification","valueRequired":true,"valueName":"search_term_string"}}],"inLanguage":"da-DK"},{"@type":"Organization","@id":"https:\/\/xn--shjlnderne-g6a6sb.dk\/#organization","name":"Eibye-hazentoemrerfirma","url":"https:\/\/xn--shjlnderne-g6a6sb.dk\/","logo":{"@type":"ImageObject","inLanguage":"da-DK","@id":"https:\/\/xn--shjlnderne-g6a6sb.dk\/#\/schema\/logo\/image\/","url":"https:\/\/xn--shjlnderne-g6a6sb.dk\/wp-content\/uploads\/2025\/08\/cropped-cropped-Soehoejlaenderne-1.png","contentUrl":"https:\/\/xn--shjlnderne-g6a6sb.dk\/wp-content\/uploads\/2025\/08\/cropped-cropped-Soehoejlaenderne-1.png","width":454,"height":398,"caption":"Eibye-hazentoemrerfirma"},"image":{"@id":"https:\/\/xn--shjlnderne-g6a6sb.dk\/#\/schema\/logo\/image\/"}}]}},"_links":{"self":[{"href":"https:\/\/xn--shjlnderne-g6a6sb.dk\/index.php\/wp-json\/wp\/v2\/pages\/1581","targetHints":{"allow":["GET"]}}],"collection":[{"href":"https:\/\/xn--shjlnderne-g6a6sb.dk\/index.php\/wp-json\/wp\/v2\/pages"}],"about":[{"href":"https:\/\/xn--shjlnderne-g6a6sb.dk\/index.php\/wp-json\/wp\/v2\/types\/page"}],"author":[{"embeddable":true,"href":"https:\/\/xn--shjlnderne-g6a6sb.dk\/index.php\/wp-json\/wp\/v2\/users\/2"}],"replies":[{"embeddable":true,"href":"https:\/\/xn--shjlnderne-g6a6sb.dk\/index.php\/wp-json\/wp\/v2\/comments?post=1581"}],"version-history":[{"count":59,"href":"https:\/\/xn--shjlnderne-g6a6sb.dk\/index.php\/wp-json\/wp\/v2\/pages\/1581\/revisions"}],"predecessor-version":[{"id":1964,"href":"https:\/\/xn--shjlnderne-g6a6sb.dk\/index.php\/wp-json\/wp\/v2\/pages\/1581\/revisions\/1964"}],"wp:attachment":[{"href":"https:\/\/xn--shjlnderne-g6a6sb.dk\/index.php\/wp-json\/wp\/v2\/media?parent=1581"}],"curies":[{"name":"wp","href":"https:\/\/api.w.org\/{rel}","templated":true}]}}